{"id":1172,"date":"2018-08-30T19:49:27","date_gmt":"2018-08-30T22:49:27","guid":{"rendered":"https:\/\/ifdc4-juj.infd.edu.ar\/sitio\/cue\/"},"modified":"2024-06-24T09:23:49","modified_gmt":"2024-06-24T12:23:49","slug":"cue","status":"publish","type":"page","link":"https:\/\/ifdc4-juj.infd.edu.ar\/sitio\/cue\/","title":{"rendered":"CUE"},"content":{"rendered":"<p><span style=\"font-size: 14pt;\">\u00a0 \u00a0 \u00a0 \u00a0 \u00a0 \u00a0 \u00a0 \u00a0 \u00a0 \u00a0 \u00a0 \u00a0 \u00a0 \u00a0 \u00a0 <em><strong><span style=\"color: #ff6600;\">CUE:<\/span><\/strong><\/em><\/span><\/p>\n<p><strong><span style=\"font-size: 10pt;\"><img decoding=\"async\" loading=\"lazy\" class=\"wp-image-2679 alignleft\" src=\"https:\/\/ifdc4-juj.infd.edu.ar\/sitio\/wp-content\/uploads\/2024\/03\/Captura-de-pantalla-2024-03-15-105127-1-1000x477.png\" alt=\"\" width=\"101\" height=\"48\" srcset=\"https:\/\/ifdc4-juj.infd.edu.ar\/sitio\/wp-content\/uploads\/2024\/03\/Captura-de-pantalla-2024-03-15-105127-1-1000x477.png 1000w, https:\/\/ifdc4-juj.infd.edu.ar\/sitio\/wp-content\/uploads\/2024\/03\/Captura-de-pantalla-2024-03-15-105127-1-768x366.png 768w, https:\/\/ifdc4-juj.infd.edu.ar\/sitio\/wp-content\/uploads\/2024\/03\/Captura-de-pantalla-2024-03-15-105127-1.png 1304w\" sizes=\"(max-width: 101px) 100vw, 101px\" \/>\u00a0 \u00a0 \u00a0 <\/span><\/strong><strong><span style=\"font-size: 10pt;\">Sede Central \u00a0 \u00a0 \u00a0 \u00a0 \u00a0 \u00a0 \u00a0 \u00a0 \u00a0 \u00a0 \u00a0 \u00a0 \u00a0 \u00a0 \u00a0 \u00a0 \u00a0 \u00a0 \u00a0 \u00a0 \u00a0 \u00a0 \u00a0 \u00a0 \u00a0 \u00a0 380038500\u00a0<\/span><\/strong><\/p>\n<p><strong><span style=\"font-size: 10pt;\">\u00a0\u00a0<\/span><\/strong><\/p>\n<p><strong><span style=\"font-size: 10pt;\"><img decoding=\"async\" loading=\"lazy\" class=\"wp-image-2689 alignleft\" src=\"https:\/\/ifdc4-juj.infd.edu.ar\/sitio\/wp-content\/uploads\/2024\/03\/Captura-de-pantalla-2024-03-15-113331-1000x480.png\" alt=\"\" width=\"100\" height=\"48\" srcset=\"https:\/\/ifdc4-juj.infd.edu.ar\/sitio\/wp-content\/uploads\/2024\/03\/Captura-de-pantalla-2024-03-15-113331-1000x480.png 1000w, https:\/\/ifdc4-juj.infd.edu.ar\/sitio\/wp-content\/uploads\/2024\/03\/Captura-de-pantalla-2024-03-15-113331-768x369.png 768w, https:\/\/ifdc4-juj.infd.edu.ar\/sitio\/wp-content\/uploads\/2024\/03\/Captura-de-pantalla-2024-03-15-113331.png 1280w\" sizes=\"(max-width: 100px) 100vw, 100px\" \/>\u00a0 \u00a0 \u00a0 Sede Educaci\u00f3n F\u00edsica -Palpal\u00e1\u00a0 \u00a0 \u00a0 \u00a0 \u00a0 \u00a0 \u00a0 \u00a0 \u00a0 \u00a0380038501<\/span><\/strong><\/p>\n<p><strong><span style=\"font-size: 10pt;\">\u00a0<\/span><\/strong><\/p>\n<p><strong><span style=\"font-size: 10pt;\"><img decoding=\"async\" loading=\"lazy\" class=\"wp-image-2685 alignleft\" src=\"https:\/\/ifdc4-juj.infd.edu.ar\/sitio\/wp-content\/uploads\/2024\/03\/Captura-de-pantalla-2024-03-15-112849-1000x487.png\" alt=\"\" width=\"99\" height=\"48\" srcset=\"https:\/\/ifdc4-juj.infd.edu.ar\/sitio\/wp-content\/uploads\/2024\/03\/Captura-de-pantalla-2024-03-15-112849-1000x487.png 1000w, https:\/\/ifdc4-juj.infd.edu.ar\/sitio\/wp-content\/uploads\/2024\/03\/Captura-de-pantalla-2024-03-15-112849-768x374.png 768w, https:\/\/ifdc4-juj.infd.edu.ar\/sitio\/wp-content\/uploads\/2024\/03\/Captura-de-pantalla-2024-03-15-112849.png 1266w\" sizes=\"(max-width: 99px) 100vw, 99px\" \/>\u00a0 \u00a0 \u00a0 Sede Artes Visuales\u00a0 \u00a0 \u00a0 \u00a0 \u00a0 \u00a0 \u00a0 \u00a0 \u00a0 \u00a0 \u00a0 \u00a0 \u00a0 \u00a0 \u00a0 \u00a0 \u00a0 \u00a0 \u00a0 \u00a0380038502<\/span><\/strong><\/p>\n<p><strong><span style=\"font-size: 10pt;\">\u00a0<\/span><\/strong><\/p>\n<p><strong><span style=\"font-size: 10pt;\"><img decoding=\"async\" loading=\"lazy\" class=\"wp-image-2690 alignleft\" src=\"https:\/\/ifdc4-juj.infd.edu.ar\/sitio\/wp-content\/uploads\/2024\/03\/Captura-de-pantalla-2024-03-15-113710-1000x476.png\" alt=\"\" width=\"101\" height=\"48\" srcset=\"https:\/\/ifdc4-juj.infd.edu.ar\/sitio\/wp-content\/uploads\/2024\/03\/Captura-de-pantalla-2024-03-15-113710-1000x476.png 1000w, https:\/\/ifdc4-juj.infd.edu.ar\/sitio\/wp-content\/uploads\/2024\/03\/Captura-de-pantalla-2024-03-15-113710-768x366.png 768w, https:\/\/ifdc4-juj.infd.edu.ar\/sitio\/wp-content\/uploads\/2024\/03\/Captura-de-pantalla-2024-03-15-113710.png 1295w\" sizes=\"(max-width: 101px) 100vw, 101px\" \/>\u00a0 \u00a0 \u00a0 Sede Teatro\u00a0 \u00a0 \u00a0 \u00a0 \u00a0 \u00a0 \u00a0 \u00a0 \u00a0 \u00a0 \u00a0 \u00a0 \u00a0 \u00a0 \u00a0 \u00a0 \u00a0 \u00a0 \u00a0 \u00a0 \u00a0 \u00a0 \u00a0 \u00a0 \u00a0 \u00a0 380038503<\/span><\/strong><\/p>\n","protected":false},"excerpt":{"rendered":"<p>\u00a0 \u00a0 \u00a0 \u00a0 \u00a0 \u00a0 \u00a0 \u00a0 \u00a0 \u00a0 \u00a0 \u00a0 \u00a0 \u00a0 \u00a0 CUE: \u00a0 \u00a0 \u00a0 Sede Central \u00a0 \u00a0 \u00a0 \u00a0 \u00a0 \u00a0 \u00a0 \u00a0 \u00a0 \u00a0 \u00a0 \u00a0 \u00a0 \u00a0 \u00a0 \u00a0 \u00a0 \u00a0 \u00a0 \u00a0 \u00a0 \u00a0 \u00a0 \u00a0 \u00a0 \u00a0 380038500\u00a0 \u00a0\u00a0 \u00a0 \u00a0 \u00a0 Sede Educaci\u00f3n F\u00edsica &#8230; <a title=\"CUE\" class=\"read-more\" href=\"https:\/\/ifdc4-juj.infd.edu.ar\/sitio\/cue\/\" aria-label=\"More on CUE\">[+]<\/a><\/p>\n","protected":false},"author":904,"featured_media":0,"parent":0,"menu_order":0,"comment_status":"closed","ping_status":"closed","template":"","meta":[],"acf":[],"_links":{"self":[{"href":"https:\/\/ifdc4-juj.infd.edu.ar\/sitio\/wp-json\/wp\/v2\/pages\/1172"}],"collection":[{"href":"https:\/\/ifdc4-juj.infd.edu.ar\/sitio\/wp-json\/wp\/v2\/pages"}],"about":[{"href":"https:\/\/ifdc4-juj.infd.edu.ar\/sitio\/wp-json\/wp\/v2\/types\/page"}],"author":[{"embeddable":true,"href":"https:\/\/ifdc4-juj.infd.edu.ar\/sitio\/wp-json\/wp\/v2\/users\/904"}],"replies":[{"embeddable":true,"href":"https:\/\/ifdc4-juj.infd.edu.ar\/sitio\/wp-json\/wp\/v2\/comments?post=1172"}],"version-history":[{"count":1,"href":"https:\/\/ifdc4-juj.infd.edu.ar\/sitio\/wp-json\/wp\/v2\/pages\/1172\/revisions"}],"predecessor-version":[{"id":2846,"href":"https:\/\/ifdc4-juj.infd.edu.ar\/sitio\/wp-json\/wp\/v2\/pages\/1172\/revisions\/2846"}],"wp:attachment":[{"href":"https:\/\/ifdc4-juj.infd.edu.ar\/sitio\/wp-json\/wp\/v2\/media?parent=1172"}],"curies":[{"name":"wp","href":"https:\/\/api.w.org\/{rel}","templated":true}]}}